{"id":431,"date":"2025-09-05T10:34:31","date_gmt":"2025-09-05T08:34:31","guid":{"rendered":"https:\/\/lesateliersderohaire.com\/?page_id=431"},"modified":"2025-09-05T10:34:31","modified_gmt":"2025-09-05T08:34:31","slug":"la-valeur-de-son-travail","status":"publish","type":"page","link":"https:\/\/lesateliersderohaire.com\/index.php\/la-valeur-de-son-travail\/","title":{"rendered":"La valeur de son travail"},"content":{"rendered":"\n<p>Quelle valeur accordez-vous \u00e0 votre travail ?<\/p>\n\n\n\n<p>Quel serait le juste prix, la juste r\u00e9mun\u00e9ration\u00a0? Pour l\u2019autre, pour vous ?<\/p>\n\n\n\n<p>La question de la valeur que l\u2019on s\u2019accorde, de la valeur du travail que l\u2019on produit est parfois au c\u0153ur de nos r\u00e9flexions.<\/p>\n\n\n\n<p>C\u2019est peut-\u00eatre d\u2019autant plus difficile quand son travail est avant tout une passion, une joie, \u00eatre pay\u00e9 pour ce que l\u2019on aime faire&nbsp;! Est-ce trop beau&nbsp;?!<\/p>\n\n\n\n<p>Mais \u00eatre r\u00e9mun\u00e9r\u00e9 pour son travail c\u2019est aussi une n\u00e9cessit\u00e9 pour se maintenir et pouvoir vivre.<\/p>\n\n\n\n<p>Alors, cet alignement, ce sens trouv\u00e9, cette place occup\u00e9e pour apporter sa contribution au monde, combien valent-ils&nbsp;?<\/p>\n\n\n\n<p>Pour ma part, j\u2019ai trouv\u00e9 certaines r\u00e9ponses dans l\u2019ouverture, le c\u0153ur, la flexibilit\u00e9, la confiance.<\/p>\n\n\n\n<p><em>Les tarifs sont pos\u00e9s mais pour que personne ne reste au bord du chemin quand le besoin est pr\u00e9sent, que l\u2019envie est <\/em><em>l\u00e0<\/em><em>, que l\u2019engagement est <\/em><em>envisag\u00e9<\/em><em> mais les ressources r\u00e9duites, je vous propose de co-construire le tarif des consultations en fonction de vos possibilit\u00e9s, contactez-moi pour en parler.<\/em><\/p>\n\n\n\n<p><\/p>\n","protected":false},"excerpt":{"rendered":"<p>Quelle valeur accordez-vous \u00e0 votre travail ? Quel serait le juste prix, la juste r\u00e9mun\u00e9ration\u00a0? Pour l\u2019autre, pour vous ? La question de la valeur que l\u2019on s\u2019accorde, de la valeur du travail que l\u2019on produit est parfois au c\u0153ur de nos r\u00e9flexions. C\u2019est peut-\u00eatre d\u2019autant plus difficile quand son travail est avant tout une&hellip; <a class=\"more-link\" href=\"https:\/\/lesateliersderohaire.com\/index.php\/la-valeur-de-son-travail\/\">Poursuivre la lecture <span class=\"screen-reader-text\">La valeur de son travail<\/span><\/a><\/p>\n","protected":false},"author":1,"featured_media":0,"parent":0,"menu_order":0,"comment_status":"closed","ping_status":"closed","template":"","meta":{"footnotes":""},"class_list":["post-431","page","type-page","status-publish","hentry","entry"],"_links":{"self":[{"href":"https:\/\/lesateliersderohaire.com\/index.php\/wp-json\/wp\/v2\/pages\/431","targetHints":{"allow":["GET"]}}],"collection":[{"href":"https:\/\/lesateliersderohaire.com\/index.php\/wp-json\/wp\/v2\/pages"}],"about":[{"href":"https:\/\/lesateliersderohaire.com\/index.php\/wp-json\/wp\/v2\/types\/page"}],"author":[{"embeddable":true,"href":"https:\/\/lesateliersderohaire.com\/index.php\/wp-json\/wp\/v2\/users\/1"}],"replies":[{"embeddable":true,"href":"https:\/\/lesateliersderohaire.com\/index.php\/wp-json\/wp\/v2\/comments?post=431"}],"version-history":[{"count":1,"href":"https:\/\/lesateliersderohaire.com\/index.php\/wp-json\/wp\/v2\/pages\/431\/revisions"}],"predecessor-version":[{"id":433,"href":"https:\/\/lesateliersderohaire.com\/index.php\/wp-json\/wp\/v2\/pages\/431\/revisions\/433"}],"wp:attachment":[{"href":"https:\/\/lesateliersderohaire.com\/index.php\/wp-json\/wp\/v2\/media?parent=431"}],"curies":[{"name":"wp","href":"https:\/\/api.w.org\/{rel}","templated":true}]}}