{"id":329,"date":"2025-08-18T17:14:15","date_gmt":"2025-08-18T15:14:15","guid":{"rendered":"https:\/\/lesateliersderohaire.com\/?page_id=329"},"modified":"2026-01-14T09:39:44","modified_gmt":"2026-01-14T08:39:44","slug":"numerologie-strategique","status":"publish","type":"page","link":"https:\/\/lesateliersderohaire.com\/index.php\/numerologie-strategique\/","title":{"rendered":"NUMEROLOGIE STRATEGIQUE\u00ae"},"content":{"rendered":"<div class=\"wp-block-image\">\n<figure class=\"aligncenter size-full is-resized\"><img loading=\"lazy\" decoding=\"async\" width=\"933\" height=\"1024\" src=\"http:\/\/lesateliersderohaire.com\/wp-content\/uploads\/2022\/10\/image-2.png\" alt=\"\" class=\"wp-image-255\" style=\"width:239px;height:auto\" srcset=\"https:\/\/lesateliersderohaire.com\/wp-content\/uploads\/2022\/10\/image-2.png 933w, https:\/\/lesateliersderohaire.com\/wp-content\/uploads\/2022\/10\/image-2-273x300.png 273w, https:\/\/lesateliersderohaire.com\/wp-content\/uploads\/2022\/10\/image-2-768x843.png 768w\" sizes=\"auto, (max-width: 933px) 100vw, 933px\" \/><\/figure>\n<\/div>\n\n\n<p class=\"has-text-align-center has-text-color has-link-color has-extra-large-font-size wp-elements-7d0ec88c9f8f0cc2c837ae952bd3f522\" style=\"color:#c1647b\"><strong>Accompagnement<br>professionnel et personnel<\/strong><br><br><\/p>\n\n\n\n<p class=\"has-white-background-color has-text-color has-background has-link-color has-large-font-size wp-elements-bdaea68af5f66f372a38dada557a6a55\" style=\"color:#c1647b\"><strong>Qu&rsquo;est-ce que la Num\u00e9rologie et la Num\u00e9rologie strat\u00e9gique\u00ae ?<\/strong><\/p>\n\n\n<div class=\"wp-block-image\">\n<figure class=\"aligncenter size-large is-resized\"><img loading=\"lazy\" decoding=\"async\" width=\"740\" height=\"1024\" src=\"http:\/\/lesateliersderohaire.com\/wp-content\/uploads\/2025\/09\/numerise_20250903-1457-02-740x1024.jpg\" alt=\"\" class=\"wp-image-394\" style=\"width:271px;height:auto\" srcset=\"https:\/\/lesateliersderohaire.com\/wp-content\/uploads\/2025\/09\/numerise_20250903-1457-02-740x1024.jpg 740w, https:\/\/lesateliersderohaire.com\/wp-content\/uploads\/2025\/09\/numerise_20250903-1457-02-217x300.jpg 217w, https:\/\/lesateliersderohaire.com\/wp-content\/uploads\/2025\/09\/numerise_20250903-1457-02-768x1063.jpg 768w, https:\/\/lesateliersderohaire.com\/wp-content\/uploads\/2025\/09\/numerise_20250903-1457-02-1110x1536.jpg 1110w, https:\/\/lesateliersderohaire.com\/wp-content\/uploads\/2025\/09\/numerise_20250903-1457-02-1479x2048.jpg 1479w, https:\/\/lesateliersderohaire.com\/wp-content\/uploads\/2025\/09\/numerise_20250903-1457-02-1568x2171.jpg 1568w, https:\/\/lesateliersderohaire.com\/wp-content\/uploads\/2025\/09\/numerise_20250903-1457-02-scaled.jpg 1849w\" sizes=\"auto, (max-width: 740px) 100vw, 740px\" \/><\/figure>\n<\/div>\n\n\n<p><br>La Num\u00e9rologie consiste \u00e0 traduire chaque \u00e9l\u00e9ment de notre \u00e9tat civil (c\u2019est \u00e0 dire nos pr\u00e9noms, notre nom, notre date de naissance) en nombre et chaque nombre correspond \u00e0 des caract\u00e9ristiques sp\u00e9cifiques.<\/p>\n\n\n\n<p>La Num\u00e9rologie utilise pour effectuer cette traduction trois notions, connues des hommes depuis l\u2019antiquit\u00e9&nbsp;:<\/p>\n\n\n\n<ul class=\"wp-block-list\">\n<li><strong>\u00ab&nbsp;la r\u00e9duction Th\u00e9osophique ,<\/strong> principe \u00e9nonc\u00e9 par <strong>Pythagore <\/strong>(580 avant J.C) qui consiste \u00e0 additionner tous les nombres pour les r\u00e9duire \u00e0 un seul nombre (sauf 3 nombres : le 11 &#8211; 22 et 33 qui sont appel\u00e9s des \u00ab&nbsp;Ma\u00eetres nombres&nbsp;\u00bb)<\/li>\n\n\n\n<li><strong>la Gu\u00e9matrie, <\/strong>un principe qui existe depuis l\u2019antiquit\u00e9  pour traduire les lettres en nombres (les Kabbalistes ont \u0153uvr\u00e9 dans ce sens)<\/li>\n\n\n\n<li><strong>la symbolique des nombres, <\/strong>\u00ab&nbsp;chaque nombre \u00e0 une dimension sacr\u00e9e&nbsp;\u00bb disait aussi Pythagore, chaque nombre exprime une vibration universelle.<\/li>\n<\/ul>\n\n\n\n<p><br>La num\u00e9rologie s\u2019appuie sur plus de <strong>2000 ans de statistiques.<\/strong><\/p>\n\n\n\n<p><strong>La \u00ab\u00a0Num\u00e9rologie Strat\u00e9gique\u00ae\u00a0\u00bb<\/strong> est issue des travaux de <strong>Lydie Castells<\/strong> qui est une passionn\u00e9e de num\u00e9rologie.<\/p>\n\n\n\n<p>Sa valeur ajout\u00e9e c\u2019est notamment d\u2019aborder la Num\u00e9rologie sous un format tr\u00e8s concret, strat\u00e9gique et orient\u00e9e solutions&nbsp;!<\/p>\n\n\n\n<p>C\u2019est un outil d\u2019analyse, de compr\u00e9hension, qui a vocation \u00e0 nous aider \u00e0 agir avec efficience. Ce n&rsquo;est pas un outil divinatoire.<\/p>\n\n\n\n<p class=\"has-white-background-color has-text-color has-background has-link-color has-large-font-size wp-elements-519ebf5164b1c2e34ba6413f59ce3d64\" style=\"color:#c1647b\"><strong>Que peut-on apprendre \u00e0 travers la \u00ab&nbsp;Num\u00e9rologie <\/strong><strong>Strat\u00e9gique<\/strong><strong>\u00ae&nbsp;\u00bb&nbsp;?<\/strong><\/p>\n\n\n\n<p>La \u00ab\u00a0Num\u00e9rologie strat\u00e9gique \u00ae\u00a0\u00bb nous donne acc\u00e8s \u00e0 une meilleure connaissance de soi et de nos cycles de vie dans lesquels on \u00e9volue. Ces informations nous aident \u00e0 agir, choisir en toute conscience et en phase avec nous-m\u00eame.<\/p>\n\n\n\n<p class=\"has-yellow-color has-text-color has-link-color wp-elements-31a936dac5d923a4273911459f349391\"><strong>Une meilleure connaissance de soi <\/strong><br>car elle identifie nos besoins fondamentaux, nos talents, nos dons, notre objectif de vie&#8230;mais aussi nos ambivalences, nos blocages, nos croyances limitantes.<\/p>\n\n\n\n<p><strong>Nos cycles de vie<\/strong> <br>car la \u00ab\u00a0Num\u00e9rologie strat\u00e9gique \u00ae\u00a0\u00bb nous pr\u00e9sente l\u2019\u00e9nergie qui nous entoure, nous accompagne, celle dans laquelle nous nous trouvons. Ce n\u2019est pas de la voyance c\u2019est une information qui nous donne une sorte de \u00abm\u00e9t\u00e9o&nbsp;\u00bb de notre environnement qui peut nous permettre d\u2019ajuster (ou non, car nous restons libre et disposons de notre libre arbitre) notre posture, nos actions. \u00ab\u00a0Aligner son comportement \u00e0 la vibration qui nous entoure\u00a0\u00bb<\/p>\n\n\n\n<p>Conna\u00eetre nos cycles de vie c\u2019est conna\u00eetre vers quoi aller pour obtenir de la fluidit\u00e9 dans notre vie, gagner en efficacit\u00e9.<\/p>\n\n\n\n<p class=\"has-text-align-center has-white-background-color has-text-color has-background has-link-color wp-elements-0e5c3fca211dd176979c3ec7ae4c3d3f\" style=\"color:#c1647b\"><strong>La \u00ab\u00a0Num\u00e9rologie strat\u00e9gique \u00ae c&rsquo;est se donner des outils pour d\u00e9cider et agir pour mieux s&rsquo;aligner et prendre sa place.<\/strong><\/p>\n\n\n\n<p class=\"has-text-align-center\"><strong>Pour en savoir plus n&rsquo;h\u00e9sitez pas \u00e0 me contacter&nbsp;: armelle.vannier@gmail.com<\/strong><\/p>\n","protected":false},"excerpt":{"rendered":"<p>Accompagnementprofessionnel et personnel Qu&rsquo;est-ce que la Num\u00e9rologie et la Num\u00e9rologie strat\u00e9gique\u00ae ? La Num\u00e9rologie consiste \u00e0 traduire chaque \u00e9l\u00e9ment de notre \u00e9tat civil (c\u2019est \u00e0 dire nos pr\u00e9noms, notre nom, notre date de naissance) en nombre et chaque nombre correspond \u00e0 des caract\u00e9ristiques sp\u00e9cifiques. La Num\u00e9rologie utilise pour effectuer cette traduction trois notions, connues des&hellip; <a class=\"more-link\" href=\"https:\/\/lesateliersderohaire.com\/index.php\/numerologie-strategique\/\">Poursuivre la lecture <span class=\"screen-reader-text\">NUMEROLOGIE STRATEGIQUE\u00ae<\/span><\/a><\/p>\n","protected":false},"author":1,"featured_media":0,"parent":0,"menu_order":2,"comment_status":"closed","ping_status":"closed","template":"","meta":{"footnotes":""},"class_list":["post-329","page","type-page","status-publish","hentry","entry"],"_links":{"self":[{"href":"https:\/\/lesateliersderohaire.com\/index.php\/wp-json\/wp\/v2\/pages\/329","targetHints":{"allow":["GET"]}}],"collection":[{"href":"https:\/\/lesateliersderohaire.com\/index.php\/wp-json\/wp\/v2\/pages"}],"about":[{"href":"https:\/\/lesateliersderohaire.com\/index.php\/wp-json\/wp\/v2\/types\/page"}],"author":[{"embeddable":true,"href":"https:\/\/lesateliersderohaire.com\/index.php\/wp-json\/wp\/v2\/users\/1"}],"replies":[{"embeddable":true,"href":"https:\/\/lesateliersderohaire.com\/index.php\/wp-json\/wp\/v2\/comments?post=329"}],"version-history":[{"count":11,"href":"https:\/\/lesateliersderohaire.com\/index.php\/wp-json\/wp\/v2\/pages\/329\/revisions"}],"predecessor-version":[{"id":483,"href":"https:\/\/lesateliersderohaire.com\/index.php\/wp-json\/wp\/v2\/pages\/329\/revisions\/483"}],"wp:attachment":[{"href":"https:\/\/lesateliersderohaire.com\/index.php\/wp-json\/wp\/v2\/media?parent=329"}],"curies":[{"name":"wp","href":"https:\/\/api.w.org\/{rel}","templated":true}]}}