{"id":148,"date":"2022-09-30T10:42:09","date_gmt":"2022-09-30T08:42:09","guid":{"rendered":"https:\/\/lesateliersderohaire.com\/?page_id=148"},"modified":"2025-09-16T10:52:53","modified_gmt":"2025-09-16T08:52:53","slug":"remerciements","status":"publish","type":"page","link":"https:\/\/lesateliersderohaire.com\/index.php\/remerciements\/","title":{"rendered":"REMERCIEMENTS"},"content":{"rendered":"<div class=\"wp-block-image\">\n<figure class=\"aligncenter size-large is-resized\"><img loading=\"lazy\" decoding=\"async\" width=\"933\" height=\"1024\" src=\"https:\/\/lesateliersderohaire.com\/wp-content\/uploads\/2022\/09\/image-36-933x1024.png\" alt=\"\" class=\"wp-image-149\" style=\"width:254px;height:279px\" srcset=\"https:\/\/lesateliersderohaire.com\/wp-content\/uploads\/2022\/09\/image-36-933x1024.png 933w, https:\/\/lesateliersderohaire.com\/wp-content\/uploads\/2022\/09\/image-36-273x300.png 273w, https:\/\/lesateliersderohaire.com\/wp-content\/uploads\/2022\/09\/image-36-768x843.png 768w, https:\/\/lesateliersderohaire.com\/wp-content\/uploads\/2022\/09\/image-36-1400x1536.png 1400w, https:\/\/lesateliersderohaire.com\/wp-content\/uploads\/2022\/09\/image-36-1866x2048.png 1866w, https:\/\/lesateliersderohaire.com\/wp-content\/uploads\/2022\/09\/image-36-1568x1721.png 1568w\" sizes=\"auto, (max-width: 933px) 100vw, 933px\" \/><\/figure>\n<\/div>\n\n\n<p class=\"has-text-align-center has-extra-large-font-size\"><\/p>\n\n\n\n<p class=\"has-text-align-center has-text-color has-link-color has-extra-large-font-size wp-elements-1be0b424080515f336667aafb9023a9a\" style=\"color:#c1647b\"><strong><em>Accompagnement<\/em><br>professionnel et personnel<\/strong><\/p>\n\n\n\n<p><\/p>\n\n\n\n<p class=\"has-extra-large-font-size\"><br><br><strong>Un grand merci \u00e0&#8230;<\/strong><\/p>\n\n\n<div class=\"wp-block-image\">\n<figure class=\"alignright size-large is-resized\"><img loading=\"lazy\" decoding=\"async\" width=\"1024\" height=\"768\" src=\"https:\/\/lesateliersderohaire.com\/wp-content\/uploads\/2022\/09\/image-37-1024x768.png\" alt=\"\" class=\"wp-image-152\" style=\"width:418px;height:313px\" srcset=\"https:\/\/lesateliersderohaire.com\/wp-content\/uploads\/2022\/09\/image-37-1024x768.png 1024w, https:\/\/lesateliersderohaire.com\/wp-content\/uploads\/2022\/09\/image-37-300x225.png 300w, https:\/\/lesateliersderohaire.com\/wp-content\/uploads\/2022\/09\/image-37-768x576.png 768w, https:\/\/lesateliersderohaire.com\/wp-content\/uploads\/2022\/09\/image-37-1536x1152.png 1536w, https:\/\/lesateliersderohaire.com\/wp-content\/uploads\/2022\/09\/image-37-2048x1536.png 2048w, https:\/\/lesateliersderohaire.com\/wp-content\/uploads\/2022\/09\/image-37-1568x1176.png 1568w\" sizes=\"auto, (max-width: 1024px) 100vw, 1024px\" \/><\/figure>\n<\/div>\n\n\n\n\n<ul class=\"wp-block-list\">\n<li class=\"has-text-color has-link-color has-large-font-size wp-elements-b39a7bcb259c77ae9688e1737711eb24\" style=\"color:#c1647b\"><strong>Ceux et celles qui me <\/strong><strong>font<\/strong><strong> confiance<\/strong><\/li>\n<\/ul>\n\n\n\n<p>Vous, les partenaires : Profilculture comp\u00e9tences ; Co&amp;Axial ; Cnam Idf<\/p>\n\n\n\n<p>Vous, les d\u00e9j\u00e0 accompagn\u00e9s et ceux \u00e0 venir&nbsp;<\/p>\n\n\n\n<ul class=\"wp-block-list\">\n<li class=\"has-text-color has-link-color has-large-font-size wp-elements-c4ee99ebd2947fe5a3f46e9e1d4baf17\" style=\"color:#c1647b\"><strong>Ceux et celles qui osent, les cr\u00e9ateurs, les entrepreneurs\u2026<\/strong><\/li>\n<\/ul>\n\n\n\n<p><a href=\"http:\/\/www.fafadesbois.com\/\">www.fafadesbois.com<\/a> (cr\u00e9ateur d&rsquo;objets) ; <a href=\"http:\/\/www.danserletango.com\/\">www.danserletango.com<\/a> (cours de tango) ; www.linperche.com ; www.lesafranduperche.com ; www.forever-green-family.com ; <a href=\"http:\/\/www.laurence-carroy.com\/\">ww.laurence-carroy.com<\/a> ; et tant d\u2019autres&#8230;<\/p>\n\n\n\n<figure class=\"wp-block-image size-full is-resized\"><img loading=\"lazy\" decoding=\"async\" width=\"671\" height=\"670\" src=\"http:\/\/lesateliersderohaire.com\/wp-content\/uploads\/2025\/09\/logo-BOP-2025.jpg\" alt=\"\" class=\"wp-image-459\" style=\"width:191px;height:auto\" srcset=\"https:\/\/lesateliersderohaire.com\/wp-content\/uploads\/2025\/09\/logo-BOP-2025.jpg 671w, https:\/\/lesateliersderohaire.com\/wp-content\/uploads\/2025\/09\/logo-BOP-2025-300x300.jpg 300w, https:\/\/lesateliersderohaire.com\/wp-content\/uploads\/2025\/09\/logo-BOP-2025-150x150.jpg 150w\" sizes=\"auto, (max-width: 671px) 100vw, 671px\" \/><\/figure>\n\n\n\n<ul class=\"wp-block-list\">\n<li class=\"has-text-color has-link-color has-large-font-size wp-elements-1b9e354aeb84e2193bc19288327c405e\" style=\"color:#c1647b\"><strong>Ceux et celles qui \u00e9crivent, qui partagent (podcast) et  qui contribuent \u00e0 nous faire grandir<\/strong><\/li>\n<\/ul>\n\n\n\n<p>Fran\u00e7ois Roustang&nbsp;; Thich Nhat Hanh&nbsp;; Carl Gustav Jung&nbsp;; Alexandre Jollien&nbsp;; Boris Cyrulnik&nbsp;; Guy Corneau&nbsp;; Christiane Singer&nbsp;; Anne Ancelin Sch\u00fctzenberger&nbsp;; Arnaud Desjardins ; Jeanne Siaud Facchin&nbsp;; Irvin Yalom&nbsp;; Eckhart Tolle&nbsp;; Don Miguel Ruiz&nbsp;; Matthieu Ricard&nbsp;; Fabrice Midal&nbsp;; Anne Gesquiere&nbsp;; Charles P\u00e9pin&nbsp;; Marie-Pierre Dillenseger&nbsp;; Hermann Hesse&nbsp;; Michel Serres&nbsp;; Christophe Andr\u00e9 ; Fran\u00e7oise Dolto&nbsp;; Cyril Dion&nbsp;; Laurent Gounelle&nbsp;; Marie-Eve Dausset&nbsp;; et tant d\u2019autres\u2026<\/p>\n","protected":false},"excerpt":{"rendered":"<p>Accompagnementprofessionnel et personnel Un grand merci \u00e0&#8230; Vous, les partenaires : Profilculture comp\u00e9tences ; Co&amp;Axial ; Cnam Idf Vous, les d\u00e9j\u00e0 accompagn\u00e9s et ceux \u00e0 venir&nbsp; www.fafadesbois.com (cr\u00e9ateur d&rsquo;objets) ; www.danserletango.com (cours de tango) ; www.linperche.com ; www.lesafranduperche.com ; www.forever-green-family.com ; ww.laurence-carroy.com ; et tant d\u2019autres&#8230; Fran\u00e7ois Roustang&nbsp;; Thich Nhat Hanh&nbsp;; Carl Gustav Jung&nbsp;; Alexandre&hellip; <a class=\"more-link\" href=\"https:\/\/lesateliersderohaire.com\/index.php\/remerciements\/\">Poursuivre la lecture <span class=\"screen-reader-text\">REMERCIEMENTS<\/span><\/a><\/p>\n","protected":false},"author":1,"featured_media":0,"parent":0,"menu_order":11,"comment_status":"closed","ping_status":"closed","template":"","meta":{"footnotes":""},"class_list":["post-148","page","type-page","status-publish","hentry","entry"],"_links":{"self":[{"href":"https:\/\/lesateliersderohaire.com\/index.php\/wp-json\/wp\/v2\/pages\/148","targetHints":{"allow":["GET"]}}],"collection":[{"href":"https:\/\/lesateliersderohaire.com\/index.php\/wp-json\/wp\/v2\/pages"}],"about":[{"href":"https:\/\/lesateliersderohaire.com\/index.php\/wp-json\/wp\/v2\/types\/page"}],"author":[{"embeddable":true,"href":"https:\/\/lesateliersderohaire.com\/index.php\/wp-json\/wp\/v2\/users\/1"}],"replies":[{"embeddable":true,"href":"https:\/\/lesateliersderohaire.com\/index.php\/wp-json\/wp\/v2\/comments?post=148"}],"version-history":[{"count":12,"href":"https:\/\/lesateliersderohaire.com\/index.php\/wp-json\/wp\/v2\/pages\/148\/revisions"}],"predecessor-version":[{"id":463,"href":"https:\/\/lesateliersderohaire.com\/index.php\/wp-json\/wp\/v2\/pages\/148\/revisions\/463"}],"wp:attachment":[{"href":"https:\/\/lesateliersderohaire.com\/index.php\/wp-json\/wp\/v2\/media?parent=148"}],"curies":[{"name":"wp","href":"https:\/\/api.w.org\/{rel}","templated":true}]}}